(-6).
44
Let u(b) = -b**3 + 412*b**2 + 2098*b - 5505. What is u(417)?
-84
Let i(a) = -3*a**2 + 3216*a + 236193. Give i(-69).
6
Let n(h) = h**3 - 29*h**2 - 37*h + 371. Give n(30).
161
Let j(r) = 32289*r + 129069. What is j(-4)?
-87
Let i(l) = 57*l**3 + 3*l**2 - 208*l - 423. Give i(-2).
-451
Let p(k) = -42884*k - 4116873. Determine p(-96).
-9
Let c(l) = 1282*l + 1886. What is c(-1)?
604
Let t(p) = -2139*p - 34206. Give t(-16).
18
Let d(v) = 751058*v - 9012669. What is d(12)?
27
Let x(b) = b**3 - 65*b**2 - 571*b + 54. What is x(-8)?
-50
Let d(y) = y**2 - 5286*y - 31755. Give d(-6).
-3
Let m(p) = 19*p**3 - 142*p**2 + 74*p - 788. Determine m(10).
4752
Let j(a) = -4*a**2 - 1739*a - 40994. What is j(-25)?
-19
Let m(q) = -19463*q - 525476. Determine m(-27).
25
Let s(h) = 304*h**3 + 4868*h**2 + 62*h - 2. Give s(-16).
30
Let m(i) = i**3 - 195*i**2 + 620*i - 45153. Give m(193).
9
Let a(b) = -b**3 - 21*b**2 + 120*b - 85. Calculate a(-26).
175
Let r(s) = -2280*s + 20518. Calculate r(9).
-2
Let q(z) = -z**3 - 113*z**2 - 1334*z - 3294. Give q(-100).
106
Let z(a) = -48*a**2 - 4991*a - 19099. Give z(-100).
1
Let x(f) = -4*f**2 + 2114*f + 48184. Calculate x(-22).
-260
Let n(p) = 58249*p - 1864086. Give n(32).
-118
Let g(a) = 455*a - 117862. Calculate g(259).
-17
Let j(p) = 132993*p - 4255778. What is j(32)?
-2
Let y(r) = -10*r**2 - 411*r - 4023. Give y(-25).
2
Let b(w) = -148*w + 22617. What is b(143)?
1453
Let g(k) = 5285*k + 4518. Give g(-1).
-767
Let a(r) = 2*r**3 + 31*r**2 + 81*r + 124. Calculate a(-14).
-422
Let p(m) = 1603*m + 17648. What is p(-11)?
15
Let p(s) = -s**3 - 75*s**2 - 549*s + 1149. What is p(-67)?
2020
Let s(l) = -4*l**3 - 353*l**2 + 3819*l - 347. What is s(-98)?
-53
Let x(c) = -16996*c + 134374. Calculate x(8).
-1594
Let o(t) = t**3 - 49*t**2 - 119*t + 163. Determine o(52).
2087
Let s(q) = -4*q**3 - 154*q**2 - 1104*q - 95. Calculate s(-29).
-37
Let w(j) = j**3 - 126*j**2 + 1844*j - 210. What is w(109)?
-1191
Let c(x) = -9*x**3 + 32*x**2 + 384*x + 40. Determine c(-8).
3624
Let l(u) = 2384*u + 460113. Give l(-193).
1
Let u(m) = 2*m**3 + 771*m**2 - 215*m + 67981. What is u(-386)?
1975
Let s(f) = f**3 + 770*f**2 + 6852*f + 32. What is s(-9)?
5
Let m(a) = a**3 - 4*a**2 - 61*a + 268. Calculate m(-7).
156
Let p(k) = 65*k**2 - 3839*k + 108. Give p(59).
-128
Let r(w) = 4*w**2 + 507*w + 5937. Determine r(-13).
22
Let z(p) = p**3 - 4*p**2 - 376*p + 92. Calculate z(-15).
1457
Let u(o) = -43573*o - 217749. Give u(-5).
116
Let c(m) = -95*m + 2738. Give c(30).
-112
Let f(c) = -11056*c - 851311. Calculate f(-77).
1
Let w(k) = 3*k**3 - 205*k**2 - 9253*k - 463. Determine w(-31).
2
Let s(d) = d**3 + 6*d**2 + 22*d + 16. Calculate s(-4).
-40
Let b(d) = -1868*d - 59736. Calculate b(-32).
40
Let q(h) = 1560*h**3 - 3*h**2 - 77*h - 74. Give q(-1).
-1560
Let d(b) = -14*b**3 + 421*b**2 + 5*b - 884. Give d(30).
166
Let h(x) = 8*x**2 + 403*x + 2173. Calculate h(-44).
-71
Let j(n) = -n**3 + 21237*n**2 + 616713*n - 35. Determine j(-29).
-6
Let f(i) = -i**2 - 142*i + 1743. Determine f(11).
60
Let k(l) = 2*l**3 - 266*l**2 - 318*l + 7249. Determine k(134).
549
Let d(c) = -19*c**2 + 11300*c + 236765. Determine d(615).
-10
Let l(p) = -1268*p + 24247. Give l(18).
1423
Let y(l) = 4*l**3 + 8*l**2 + 59*l + 93. What is y(-6)?
-837
Let k(l) = 14*l - 2207. What is k(121)?
-513
Let a(r) = -8*r**2 + 78*r - 308. Calculate a(0).
-308
Let c(o) = -382*o - 4112. Determine c(-16).
2000
Let q(d) = -57*d**2 + 745*d + 23860. Determine q(28).
32
Let f(a) = -79*a**2 + 5946*a - 27754. Give f(5).
1
Let u(v) = v**2 - 28208*v - 564538. Calculate u(-20).
22
Let o(q) = -65950*q + 47. Give o(0).
47
Let k(y) = -3*y**2 - 445*y - 1146. Calculate k(-142).
1552
Let v(w) = -120*w + 492. Calculate v(5).
-108
Let m(y) = y**3 + 73*y**2 + 588*y + 829. What is m(-64)?
61
Let v(d) = -336*d - 5180. What is v(-23)?
2548
Let g(l) = 2142*l + 58208. Calculate g(-27).
374
Let n(k) = -7*k**3 + 1238*k**2 + 6219*k - 6. What is n(-5)?
724
Let a(o) = o**3 - 9*o**2 + 68*o - 701. Calculate a(9).
-89
Let g(d) = -d**3 + 102*d**2 - 2270*d - 117. What is g(69)?
366
Let m(s) = -322*s**2 - 3538*s + 156. What is m(-11)?
112
Let b(r) = -186821*r - 747286. What is b(-4)?
-2
Let i(s) = 8*s**3 - 6*s**2 - 306*s + 612. Determine i(2).
40
Let p(b) = -1572*b - 36100. Calculate p(-23).
56
Let n(y) = -52*y**2 + 424*y + 15841. What is n(22)?
1
Let b(r) = 199*r**2 - 43787*r + 1542. Determine b(220).
2
Let z(f) = -252*f + 6764. What is z(43)?
-4072
Let a(u) = -9001*u + 19126. What is a(2)?
1124
Let a(v) = v**3 + 43*v**2 - 240*v - 6689. Give a(-45).
61
Let i(s) = -22*s**3 - 100*s**2 + 23*s + 14. Give i(-5).
149
Let x(y) = -8*y**2 + 280*y - 1411. Calculate x(5).
-211
Let k(l) = 49*l**2 - 73*l - 10. Determine k(2).
40
Let z(k) = k**2 + 36841*k - 221073. What is z(6)?
9
Let n(d) = 2*d**3 + 37*d**2 + 101*d + 31. Determine n(-3).
7
Let q(i) = 4*i**2 + 100*i - 593. Calculate q(-30).
7
Let c(r) = 4578*r - 18340. Determine c(4).
-28
Let c(a) = 6924*a + 1031720. Give c(-149).
44
Let u(k) = -6*k**2 + 1416*k + 5699. Calculate u(-4).
-61
Let i(p) = -41*p**3 + 21076*p**2 - 1023*p - 2561. Calculate i(514).
9
Let v(k) = 20*k**3 - 242*k**2 - 87*k - 75. Give v(13).
1836
Let k(j) = 8*j**2 - 40200*j - 73. Determine k(0).
-73
Let h(a) = a**3 - 15*a**2 - 219*a + 1850. Calculate h(14).
-1412
Let r(f) = 22*f**2 + 1595*f - 468. Give r(-73).
335
Let u(z) = 3*z**2 + 1617*z + 200785. Give u(-345).
-5
Let s(d) = -1578420*d + 1578418. Determine s(1).
-2
Let t(s) = 16*s**2 - 755*s + 872. Give t(46).
-2
Let k(n) = n**3 + 13*n**2 - 468*n - 84. Calculate k(-31).
-2874
Let t(x) = 3*x**3 - 513*x**2 - 10*x + 1451. Determine t(171).
-259
Let a(p) = 22429*p + 175. Calculate a(0).
175
Let y(s) = -2*s**2 - 1660*s + 37493. Calculate y(22).
5
Let f(p) = -4709*p + 786475. Calculate f(167).
72
Let i(r) = -10625*r - 658751. Give i(-62).
-1
Let x(l) = -4*l**3 - 24*l**2 - 4278*l - 30143. What is x(-7)?
-1
Let c(b) = 120086*b - 360195. Calculate c(3).
63
Let n(q) = 58115*q + 929835. Calculate n(-16).
-5
Let g(r) = -10*r**3 + 301*r**2 + 47*r - 2327. Give g(30).
-17
Let f(b) = b**3 - 46*b**2 - 2578*b + 970. Calculate f(-33).
13
Let s(c) = -c**2 - 164*c + 2140. Calculate s(13).
-161
Let v(b) = b**3 - 38*b**2 + 44*b - 1555. Give v(38).
117
Let l(q) = -q**3 + 32*q**2 + 85*q - 1822. Give l(33).
-106
Let o(r) = -30228*r - 211608. Give o(-7).
-12
Let p(l) = 201*l - 5212. Give p(28).
416
Let c(u) = -u**3 - 80*u**2 + 32260*u - 589. Determine c(144).
-13
Let l(o) = -o**2 + 758*o - 83533. Calculate l(134).
83
Let x(j) = -2*j**2 - 900*j + 28798. Calculate x(30).
-2
Let s(o) = -3*o**2 - 250474*o + 751448. Give s(3).
-1
Let x(g) = -405*g - 22502. What is x(-56)?
178
Let h(b) = -187*b - 19357. Determine h(-104).
91
Let a(q) = 486*q - 31716. Calculate a(64).
-612
Let o(u) = -2340*u**2 + 229316*u + 395. What is o(98)?
3
Let s(y) = y**3 + 77*y**2 + 407*y + 13725. Calculate s(-74).
35
Let z(k) = -2*k**3 + 82*k**2 + 1271*k + 87. What is z(53)?
34
Let p(z) = -z**2 + 665*z - 45117. Determine p(77).
159
Let d(i) = -i**3 - 33*i**2 + 15*i + 3799. What is d(-29)?
0
Let o(b) = 319*b - 3192. Give o(8).
-640
Let s(h) = h**2 + 2306*h + 1224528. Determine s(-829).
95
Let y(z) = z**3 - 164*z**2 + 512*z - 4688. Give y(161).
-19
Let g(i) = -2*i**3 - 156*i**2 + 14647*i + 2276. Determine g(-133).
15
Let n(w) = 2*w**2 + 25*w + 287. Calculate n(-24).
839
Let u(r) = 560*r + 617677. Calculate u(-1103).
-3
Let s(t) = -t**3 + 26*t**2 + 26067*t - 1469. Calculate s(-149).
-277
Let g(o) = 671*o**2 + 26844*o + 153. Determine g(-40).
-7
Let a(b) = b**3 + 1962*b**2 - 102659*b - 205. Give a(51).
-1
Let z(y) = -21089*y + 168751. Calculate z(8).
39
Let p(z) = -2*z**3 + 54*z**2 - 78*z + 3352. What is p(28)?
-400
Let u(l) = 77981*l + 311610. What is u(-4)?
-314
Let p(n) = 8*n**3 - 59*n**2 + 92*n. Give p(8).
1056
Let l(n) = -5*n**2 + 230*n + 3040. Give l(-11).
-95
Let m(d) = -d**3 - 63*d**2 - 182*d - 953. Give m(-60).
-833
Let r(t) = -75*t**2 - 20*t + 1307. Determine r(6).
-1513
Let o(f) = -12122*f + 315135. Determine o(26).
-37
Let g(o) = 1032*o - 4159. What is g(6)?
2033
Let v(q) = 236714*q - 1893704. Give v(8).
8
Let a(s) = 6836*s - 95710. Determine a(14).
-6
Let u(v) = -v**3 - 2*v**2 + 115*v + 343. Determine u(-3).
7
Let v(c) = c**2 - 2052*